t common divisor of 15 and o.
15
Let y(s) = -131*s - 19. Let b be y(-3). What is the greatest common divisor of b and 22?
22
Suppose 2*h + 126 = 11*h. Let g be 0/(-3 - -7) + h. What is the highest common divisor of 42 and g?
14
Let a be (-7 + -3)*4/10. Let n be (-306)/(-8) - 2 - (-1)/a. Calculate the highest common factor of n and 4.
4
Let o be (-4)/10 + 27*1/5. Suppose -4*d - o*q + 1743 = 315, 3*q = -3*d + 1068. Calculate the highest common divisor of d and 32.
32
Let q(a) = 5*a**2 - a + 5. Let b be q(-2). Calculate the greatest common divisor of b and 21.
3
Let j(o) = -10*o - 58. Let n be j(9). Let m = n - -256. Suppose 2*i + i = 4*g + 20, -4*i + 56 = 2*g. Calculate the greatest common divisor of m and i.
12
Suppose -201*b = -208*b + 84. What is the greatest common divisor of 912 and b?
12
Suppose f + 4*f - 115 = 0. Suppose 32*k = 33*k - 172. Suppose -3*y + 241 - k = 0. Calculate the greatest common factor of f and y.
23
Let c = -1 + 1. Suppose -4*n + 87 + 17 = c. What is the greatest common factor of 65 and n?
13
Let m be 9087/156 + 10/(-8). Calculate the highest common divisor of 114 and m.
57
Let b(u) = u**2 - 3*u. Let r be b(6). Let s be 436/r - (-16)/(-72). Let v = s + -14. Calculate the greatest common factor of v and 60.
10
Let t = -3 - -5. Suppose 19 = 3*d + q + q, -t*d - 5*q = -31. Suppose 6*h - d = 5*h. Calculate the greatest common divisor of 21 and h.
3
Suppose 75 - 7 = -4*l. Let q = l - -224. Calculate the highest common factor of 23 and q.
23
Suppose -l + 16 = -5*h - 64, 5*h = -l + 40. Calculate the highest common divisor of l and 15.
15
Let m = 61 - -79. Calculate the greatest common factor of m and 42.
14
Let y(k) = -66*k + 9. Let r be y(-1). Calculate the highest common divisor of 50 and r.
25
Let j be 36/90 - (-38)/5*11. Calculate the greatest common divisor of j and 63.
21
Suppose 0 - 8 = -4*w. Suppose 10 = 3*m - w*m - c, 0 = -4*m - c + 55. Let g(p) = 43*p - 296. Let h be g(9). Calculate the greatest common divisor of m and h.
13
Let y(l) = 8*l**2 - l - 1. Let s be y(-1). Let i be 793/65 + (-1)/5. Calculate the greatest common divisor of s and i.
4
Let q be ((-4)/6)/(2/(-186)). What is the greatest common divisor of 248 and q?
62
Suppose 3*t = -t + 780. Let w be (9 - -1)/(30/t). Suppose -4*n + w = -87. Calculate the highest common divisor of n and 342.
38
Let v(x) be the third derivative of 0*x - 8*x**2 + 7/30*x**5 + 1/12*x**4 + 0 - 1/6*x**3. Let u be v(1). Calculate the greatest common factor of 165 and u.
15
Let i = 47 - -46. What is the highest common divisor of i and 62?
31
Suppose 4*x - 2*t = 4, -2*x - 5*t - 2 = 8. Let g(a) = a**3 - a**2 - a + 38. Let c be g(x). Calculate the greatest common divisor of 57 and c.
19
Let s = -1414 + 2149. What is the highest common factor of 35 and s?
35
Let k = 1365 + -1351. What is the greatest common factor of 2282 and k?
14
Let g(y) = 14*y**2 + 5*y + 30. Let o be g(-4). Calculate the greatest common factor of o and 18.
18
Suppose -4 = -2*g - 0. Let b = -3 - -6. Calculate the greatest common divisor of g and b.
1
Let h be (142600/(-75) + 11)/((-1)/3). Calculate the highest common factor of 53 and h.
53
Suppose 2*m + 5*o = 12, o - 6*o - 65 = -5*m. What is the highest common divisor of m and 99?
11
Let b = 85 - 84. Suppose 5*q - 491 = 3*u + b, 272 = 3*q + 4*u. Calculate the greatest common divisor of q and 24.
24
Let m be 3 - (-2 + 0) - -1. Let f be 1*0/((-6)/3). Suppose -4*v + 3*z = -f*z - 231, 4*z - 142 = -3*v. What is the highest common divisor of v and m?
6
Let z(c) = 50*c - 3. Let k be z(6). Suppose 5*g = -2*i + 76, -3*i + 22*g + 105 = 25*g. Calculate the greatest common divisor of i and k.
33
Suppose -247 = -4*y - c, 4*y - 15*c - 243 = -20*c. What is the greatest common factor of y and 93?
31
Let z be 22/(-6)*(-6)/2. Suppose -5*t + 10 = 0, -3*v - 3*t = -0*t - 9. What is the greatest common factor of z and v?
1
Suppose -5*n + 114 = -4*k, -5 = -n + 2*k + 13. Calculate the highest common divisor of n and 221.
13
Suppose 42 = 25*s - 22*s. Suppose -s*k + 12*k + 48 = 0. What is the highest common divisor of k and 48?
24
Let f(m) = -4*m + 124. Let t be f(28). Calculate the greatest common divisor of 672 and t.
12
Let a = 1449 - 695. What is the highest common divisor of a and 13?
13
Let x(z) be the second derivative of -2*z**3 + 7*z**2 - 3*z. Let n be x(-8). Calculate the greatest common factor of n and 44.
22
Let a be ((5 - 3) + 33)*-1. Let o = a + 37. What is the greatest common divisor of 8 and o?
2
Suppose -10*t + 46 = -274. Calculate the greatest common factor of 48 and t.
16
Suppose 9*j - 2390 = 571. Calculate the highest common divisor of 47 and j.
47
Let m(x) = -x**3 + 8*x**2 + 6*x - 27. Let g be m(6). Calculate the highest common factor of g and 135.
27
Let f be ((-33)/(-9) - (-8)/(-12)) + 5. What is the highest common factor of 540 and f?
4
Suppose 0 = -37*r - 1223 + 7328. Let p = 4 + -6. Let b be (-30)/(-8)*(6 + p). What is the highest common divisor of r and b?
15
Let h be 8/((-2)/(-48)*3). Suppose 5*o + 2*m - 84 = -17, -5*o + m + h = 0. Calculate the greatest common divisor of 117 and o.
13
Suppose -2*c + 244 = -x, -7*c + 3*c = -3*x - 492. Calculate the highest common factor of c and 270.
30
Let q = 10 + -10. Suppose 0 = 7*y - q*y - 483. Calculate the greatest common factor of 23 and y.
23
Let l(y) = y**3 - 5*y**2 + 4*y + 3. Let g be l(4). Let z(x) = 2*x**3 + 10*x**2 - 11. Let n be z(-4). Calculate the greatest common divisor of g and n.
3
Let k = 23 + -21. Let m be k/(-1 - (-4 - -4)). Let p be 27/(-2)*(m - 0). What is the highest common factor of p and 135?
27
Let v(y) = -21*y - 98. Let d be v(-13). Calculate the greatest common divisor of 210 and d.
35
Let r = -536 + 696. What is the greatest common factor of 128 and r?
32
Let b be (-335)/(-65) + 1 + (-2)/13. Let v(p) = 2 + 3*p + 2 - 2. Let d be v(b). What is the greatest common factor of 10 and d?
10
Suppose -c + 13 = 3*o - 2, -5*c - 2*o + 10 = 0. Let s be -2 + c + 12/4. What is the highest common factor of s and 5?
1
Let m = -606 + 612. Suppose -4*z = -36 - 60. What is the greatest common factor of z and m?
6
Suppose 5*n + r - 9 = 148, 3*r = 3*n - 87. Let c = n - 27. What is the highest common factor of 4 and c?
4
Suppose -1730 + 2153 = u. What is the greatest common factor of 18 and u?
9
Suppose m = 3*u + 26, -2 = 3*u - 2*m + 29. Let a be 2/u + 1137/(-21)*-2. Calculate the greatest common factor of 27 and a.
27
Let z(s) = -2*s + 19. Let r(i) = -i**2 - 2*i + 32. Let m be r(0). Suppose -m = 2*g - 6*g. Let x be z(g). What is the greatest common factor of x and 3?
3
Let v be (-146)/(-6) - (-12)/18. Let y be 0 - -7 - (-5 - -6). Suppose 5*t - y = 44. What is the greatest common factor of v and t?
5
Let p be (1 - 6/2) + 3. Suppose 0*b + p = b. Suppose -2*g - b + 9 = 0. What is the highest common factor of 20 and g?
4
Let x(l) = -15*l + 15. Let b(h) = 1. Let v(p) = -6*b(p) + x(p). Let k be v(-5). Calculate the highest common factor of k and 21.
21
Let h(o) = 19*o**2 - o + 3. Let d(a) = -9*a**2 - 1. Let n(c) = 5*d(c) + 3*h(c). Let w be n(2). Calculate the greatest common factor of 69 and w.
23
Let x be (-3 + 14)*4 + -2. Suppose -4*i + 19 = -3*i. Let a = -13 + i. Calculate the greatest common factor of x and a.
6
Suppose 37*u - 4449 = 1545. Calculate the greatest common factor of u and 198.
18
Suppose 5*q + 4*f - 52 = 4*q, -q = -5*f - 61. Suppose -4*b + q = -64. What is the highest common factor of 30 and b?
30
Let l be 126/4*40/12. Let v be ((-40)/(-14))/(15/l). What is the greatest common divisor of 50 and v?
10
Let t = 3 - -5. Calculate the greatest common factor of 216 and t.
8
Let p = 157 - 144. What is the greatest common factor of 13 and p?
13
Suppose 0 = 3*f - 12, -4*h - f = -18 - 10. Let n = -45 + 9. Let a = n + 84. What is the highest common factor of a and h?
6
Let w(z) = -6*z + 2*z**2 - z**3 - z - 4*z**2 - 6*z**2 + 9. Let n(q) = -q - 3. Let f be n(4). Let j be w(f). What is the greatest common factor of 72 and j?
9
Suppose 26*g - 27*g = -19. Let l(a) = a**2 - a - 4. Let c be l(-12). What is the highest common divisor of c and g?
19
Let c(h) = -h**3 + 8*h**2 - 7*h + 7. Let b(g) = g + 13. Let n be b(-6). Let f be c(n). Calculate the highest common divisor of f and 49.
7
Let o be (-1 - 31/(-11)) + (-248)/(-1364) - 